 (17 - -1) + -4 + 5 + 7.
24
What is (2 + -4 - -81) + (-28 - -2 - -24)?
77
Calculate 62 + (18 - 45) - 14 - -20.
41
What is the value of 49 + (37 + -95 - -8)?
-1
Calculate -10 + -4 + 4 + 0 + (86 - 148) + 7.
-65
-19 - (0 + -1 + 9 - (9686 + -9691))
-32
What is the value of (-41 - -67 - -18) + 23?
67
-12 + 56 - (150 - 195)
89
What is the value of 10 - ((10 - (-17 - -1)) + 62)?
-78
What is the value of (10 - 2 - (20 - 31 - -9 - -7)) + 32?
35
Calculate -180 + 25 + 50 + 79.
-26
Calculate 8 - (3 + -50 + (1 - 6) + 9).
51
What is 3 + (-11 - (-14 - -5 - (22 + 5)))?
28
Evaluate (5 + 14 - -3 - -18) + -3.
37
-107 - -145 - (86 - 55)
7
What is the value of (59 + -34 - 28) + (-2 - 6) - (65 - 2)?
-74
Calculate -11 + 1 - (-79 + (-9 - (-25 - 8))).
45
24 + -58 + 7 + (-18 - -22) - -8
-15
(25 - 35 - (-3 - 4)) + 10
7
Calculate 25 + 47 + (42 - 44).
70
Evaluate -53 + -60 + 146 + -15.
18
4 - -23 - 38 - 5 - -25
9
Evaluate 11 - ((-2 - -2) + 19 + -26 - -47).
-29
3 - (27 + (-9 - -1))
-16
What is the value of 18 - (-3 + 5 - (-12 - -14)) - -105?
123
What is the value of (-24 + -1 - -59 - 46) + 38?
26
32 + (35 - 43) + -4 + (-14 - 0) + -9
-3
Calculate 11 + (95 - 42 - -18 - -25).
107
Calculate 49 + -85 + -14 + 15 + 4 + 0 + 1.
-30
Calculate -8 + (1 - (20 + (-2 - 8))) + (0 - 2).
-19
What is 4 + -16 + (-55 - -46) + 40?
19
67 + 71 + (-109 - -36)
65
What is (-89 - -47 - -29) + -2?
-15
What is -22 + (-4 + -11 - -57) - 17?
3
39 + (-7 - -9) + (-3 + 12 - 10)
40
What is the value of 211 + -196 - (21 + -1) - -1?
-4
Evaluate 31 + (5 - (25 - -8) - 13).
-10
Evaluate 63 + -2 + (-27 - (-36 - -37)).
33
What is the value of 3 + 13 - (18 - ((-22 + 44 - 5) + -7))?
8
What is 60 + -20 + 29 + -49?
20
Calculate (-2792 - -2782) + -2 + 2.
-10
What is the value of -101 - ((-57 - -48) + 30)?
-122
What is -16 - ((2 - 4) + 95 + -100)?
-9
34 + (19 - 41) - 53 - (-3 + (-8 - 0))
-30
(27 - (-18 + -14)) + -13
46
What is -14 + 40 - 55 - (4 - 24)?
-9
Calculate (183 - 73) + -248 + 222.
84
Calculate -16 - (-20 - 8 - -10) - (-49 - (2 + -2)).
51
Evaluate (18 - (24 - -1)) + 5 + -8 + 19 - 4.
5
Evaluate (6 - -1 - ((-7 - -72) + -2)) + 10 + 9.
-37
What is the value of (27 - (-41 - -74)) + (2 - (-5 - 3))?
4
What is the value of (-539 - -574) + -2 + 1 + -9?
25
What is (193 - (200 + -71)) + -159?
-95
Evaluate 40 - 17 - 20 - ((-4 - -10) + -29 + 1).
25
-39 + -24 + -21 + 69
-15
What is the value of (-24 + 21 + 35 - 67) + 168?
133
Calculate (3 - 1 - (-6 + 21)) + 1 + 53.
41
-16 + -5 - 3 - (19 + 4 - 17) - -9
-21
What is -86 - ((-46 - -132) + -87)?
-85
What is the value of 46 + 15 + -6 + 11 + -1 + -1?
64
1 - ((-18 - -47 - 3) + -7)
-18
What is the value of (11174 - 11195) + -2 + 14?
-9
Calculate 15 - 50 - (-3 - 43).
11
(-91 - -211) + -18 + -117
-15
What is the value of -87 - (-174 + 85 + 54)?
-52
What is (-3 - -3) + -8 + (-38 + -100 - -188)?
42
-50 + -2 + (11 - 5) + 4
-42
Evaluate (-38 - 47) + (-8 + 4 - 8).
-97
What is the value of -51 + (-1 - 2) + 5 + (-90 - (-145 - -58))?
-52
What is the value of 6 + (4 - -19) + -17 - 16?
-4
Calculate -36 + (11 + (-3 - 11 - -9) - 4) + 4.
-30
Evaluate 2 + -4 + 73 + 4 + (260 - (83 + 187)).
65
5 - (-21 + (20 - -18)) - (1 + 3 + -68)
52
What is the value of 19 - -1 - (0 + 8) - (-23 + 26)?
9
What is -4 + 0 - ((64 - 25) + -1 - 16)?
-26
Calculate (19 + -34 - 124) + (-10 - -25 - 17).
-141
What is the value of 0 + -1 + (-247 - -219) + (-2 - -2 - -1)?
-28
Calculate -5 - 8 - (21 - (42 + 23)).
31
Calculate -12 - (-5 + -4 + -10 + 7 + 10).
-10
Evaluate -86 + -196 + 83 + 246.
47
What is -44 - (-110 - (3 - 28))?
41
What is (-1 - 1) + -3 - ((3 - 13 - -16) + -68)?
57
What is (79 - (36 - 11)) + -26?
28
(-1161 - -1167) + -1 + 1 + 104 + 0 + 1
111
What is the value of -16 - (39 - 31 - 1)?
-23
What is the value of 473 + -509 - (-1 + -18 + 3)?
-20
What is the value of -15 + 25 - -91 - -1 - 29?
73
-1 + 5 + 52 + -32 + 7
31
What is the value of 574 + -590 + (0 - -42) + -19 + 21?
28
16 + -77 + 8 + (26 - 14)
-41
Evaluate 132 + (12 + -11 + -7 - (-8 + 13)) - 1.
120
-278 + 279 + (5 - -34)
40
Calculate -65 + 14 + 78 + 33.
60
Evaluate -47 + (-17 + (-17 - -21) - -29).
-31
(18 + 5 - 31) + -97 + -3 + 5
-103
Evaluate (8 - (31 + -13)) + (-4 - (8 + -8)) + -83.
-97
-9 - (52 + -8) - -95
42
What is (-133 - -57 - -38) + 89?
51
Evaluate 1 + -112 + (-4 - (106 + -98 - (7 + 1))).
-115
Calculate -39 + 21 + 73 + 25 - (-2 + 2).
80
Evaluate (-21 - 0) + 137 + -133 - 0 - -62.
45
What is 0 - (-33 + -17 + -1) - -41?
92
What is -18 + (-1 - 118 - -74)?
-63
-11 + -14 + 43 - -3 - (-21 - -10)
32
What is the value of 12 + (65 - 189) + 64?
-48
Evaluate -48 + (11 + -3 - (-33 + 34 - -1)).
-42
What is the value of -35 + (12 - -2 - (-203 - -199)) + -50?
-67
-13 + (-5 - -18 - 60 - (-5 - 2))
-53
Calculate 0 + 11 - (-213 - (-80 + -55)).
89
Evaluate (-11 - -9) + 4 + 0 + -24 - -4.
-18
Evaluate 37 + -11 + -1 + -1 + -15 - (-1 - 72).
82
Calculate -28 + (24 - 21) + 4.
-21
What is the value of 3 - (-49 + (-47 - -200))?
-101
What is 1 - 20 - (113 + -58)?
-74
What is 47 + (-38 - 34) - 18?
-43
What is the value of -156 + 157 - (4 - (2 - -1 - (45 - -8)))?
-53
Evaluate 56 + -39 + 14 + 9.
40
Calculate 68 + -41 - (10 - -3) - -18.
32
What is 54 - (17 - -72 - 74)?
39
What is (9 - -23) + (-19 - (-4 + 2))?
15
13 + -1 + (7 - -16) + (-32 - -32 - 86)
-51
Evaluate (-10 + -9 + 12 - -20 - 31) + 35.
17
What is 105 + (-90 - 18) - (-19 - -1)?
15
What is 9 + -6 + -4 + (-47 - (8 - 4))?
-52
16 + (21 - 6) + -9 + -13
9
(-1459 - -1381) + (39 - -4)
-35
What is the value of (-228 + 210 - (-8 + 0)) + -6?
-16
(-24 - (15 + -3 + -22)) + (-9 - -22)
-1
What is the value of 0 + -14 + -1 - (-51 + 15 + (77 - 72))?
16
Calculate ((-50 - -24) + -17 - 17) + 0 + 16.
-44
What is the value of 41 - (-13 + 20 + (-19 - -24)) - -11?
40
What is -58 + (140 - 2) - 43?
37
Calculate (65 + -101 - -34) + -54.
-56
Evaluate 12 + -15 + -8 + -2 + (55 - (29 - 15)).
28
What is the value of 40 - 87 - -34 - (-3 - 20 - 1)?
11
Calculate 24 - 66 - (-45 + 42 - (6 - 0)).
-33
Calculate -90 - (-28 - 31) - 30.
-61
-34 - (19 - (-4 + -13 + 24))
-46
Evaluate (7 - -1) + -3 - 12 - -10.
3
Calculate (3124 - 3116) + (-2 - 1 - 0 - -52).
57
7 - -89 - -19 - 2
113
(38 - 22) + (4 - 6 - -33)
47
Evaluate -20 + (-68 - (4 + 20 - 19)) + 23.
-70
Evaluate -3 + 67 - (-3 + -35 + 48) - -12.
66
19 + -15 + -6 + (3 - (7 - (1 - -11)))
6
What is the value of -638 + 689 - (9 - (4 - 4))?
42
43 + -3 + -16 + (29 - 11)
42
Evaluate -7 + (54 + (-4 - 7) - (-4 + -1 + -2)).
43
What is the value of 13 - (69 + (-2 - (-22 - -5)))?
-71
Calculate -1 + (-7 + 0 + 11 - 7) + -18.
-22
Calculate 462 - 549 - (-13 - (2 - 9)).
-81
Evaluate (-2 - (-2 - -2)) + (-3251 - -3227).
-26
Evaluate (3 - 59) + (15 - -76) + -107.
-72
Calculate -27 + 12 - (-135 + 0 + 5 + (-4 - -2)).
117
Calculate -41 - ((-5 - 57) + -67 + 103).
-15
Calculate (-41 - -63 - 76) + 2 + (-2 - 3).
-57
What is -23 - (-66 - (-71 - 109))?
-137
What is the value of (-35 - -2) + 34 + (4 - 2)?
3
What is the value of (2 + 8 + 1 - (-150 + 152)) + 54 + 1?
64
Calculate (-18 - 8 - (-45 - 25)) + -20.
24
What is -4 - -20 - (-12 + -81 + (41 - 33))?
101
Calculate 89 - ((-6 - -1 - (1 + 7)) + 28).
74
What is the value of 35 + 8 + -42 + -106 - 14?
-119
What is -738 - -832 - (56 - 2)?
40
15 + 1 + -11 + 2 + 2 - (-95 - -55)
49
Calculate -3 + 14 + (20 - 17 - 0 - -10).
24
Calculate -67 - (5 + -32) - ((-8 - -2) + 1).
-35
What is (55 + -24 - -14) + -13 + 25?
57
What is (-3 - -11) + (-34 - -10 - 2 - -8) + -35?
-45
What is -72 - (-20 + -23 + 95)?
-124
What is the value of -40 + -52 + 36 - -37?
-19
Evaluate (5 - (-19 + (13 - 7) + 9)) + -1 + 32.
40
What is (142 - 155) + (-40 - (-1 - 3 - -2))?
-51
Calculate 18 + (-3 - 13) + -9 + 15.
8
What is the value of -9 + 6 + (-7 - -30 - 5) + -125?
-110
What is the value of (58 - 17) + -57 + 43 - 100?
-73
What is the value of -13 + (0 - -12 - (-32 - (-9 + -32)))?
-10
What is 20 - ((80 - 5) + -8 + -19 + 5)?
-33
Calculate 13 - 51 - -2 - (0 - (4 - 10)).
-42
Calculate (12 - 9) + 0 + (-42 - -5 - -7).
-27
Evaluate 30 + (29 - (-8 + 11 - -1)).
55
7 - 9 - (-2 - 0) - (53 + -2 + -27)
-24
Evaluate (13 - (45 + (13 - 18))) + 22.
-5
Calculate -169 + 145 + 13 + 2 + (-1 + 1 - -18).
9
What is (1 - 18) + (66 + -29 - 45 - 17)?
-42
What is (-8 + 6 + -59 - (-1 - -9)) + -9 + 15?
-63
Calculate 14 + 13 + 50 + -57.
20
What is 25 - (48 - 75 - -38)?
